ts digit of 8228022?
2
What is the thousands digit of 106997?
6
What is the millions digit of 1557644?
1
What is the millions digit of 17011051?
7
What is the ten thousands digit of 89607?
8
What is the hundred thousands digit of 378888?
3
What is the ten thousands digit of 572128?
7
What is the hundreds digit of 404402?
4
What is the ten thousands digit of 3347262?
4
What is the ten millions digit of 14636525?
1
What is the hundred thousands digit of 13874412?
8
What is the units digit of 1894601?
1
What is the tens digit of 781053?
5
What is the thousands digit of 3284?
3
What is the thousands digit of 5407568?
7
What is the thousands digit of 831827?
1
What is the ten thousands digit of 24453097?
5
What is the tens digit of 234482?
8
What is the ten thousands digit of 935116?
3
What is the units digit of 6642120?
0
What is the tens digit of 3816?
1
What is the thousands digit of 1758199?
8
What is the thousands digit of 93886?
3
What is the tens digit of 3344564?
6
What is the thousands digit of 378635?
8
What is the tens digit of 417715?
1
What is the ten thousands digit of 6107956?
0
What is the tens digit of 738483?
8
What is the thousands digit of 3897386?
7
What is the ten thousands digit of 52551?
5
What is the hundreds digit of 269124?
1
What is the ten millions digit of 15809906?
1
What is the tens digit of 188446?
4
What is the thousands digit of 2542244?
2
What is the hundreds digit of 710867?
8
What is the thousands digit of 2528454?
8
What is the thousands digit of 666189?
6
What is the ten thousands digit of 1619606?
1
What is the ten thousands digit of 367044?
6
What is the hundred thousands digit of 656036?
6
What is the ten thousands digit of 2385453?
8
What is the ten thousands digit of 711197?
1
What is the ten thousands digit of 5848969?
4
What is the hundreds digit of 9087754?
7
What is the hundred thousands digit of 3534141?
5
What is the tens digit of 1808355?
5
What is the millions digit of 2219617?
2
What is the ten thousands digit of 640921?
4
What is the tens digit of 1732194?
9
What is the hundreds digit of 317758?
7
What is the thousands digit of 378277?
8
What is the ten millions digit of 15452627?
1
What is the units digit of 2694140?
0
What is the hundred thousands digit of 471690?
4
What is the millions digit of 4894898?
4
What is the hundreds digit of 1339156?
1
What is the tens digit of 30204537?
3
What is the hundreds digit of 53196?
1
What is the ten thousands digit of 9369741?
6
What is the units digit of 111015?
5
What is the millions digit of 1813743?
1
What is the thousands digit of 20585826?
5
What is the ten millions digit of 11823094?
1
What is the thousands digit of 11939362?
9
What is the units digit of 6051267?
7
What is the thousands digit of 1719927?
9
What is the hundred thousands digit of 22194812?
1
What is the hundreds digit of 298832?
8
What is the ten thousands digit of 362811?
6
What is the millions digit of 7131715?
7
What is the thousands digit of 2132456?
2
What is the millions digit of 1738567?
1
What is the ten thousands digit of 265575?
6
What is the tens digit of 99295?
9
What is the ten thousands digit of 28231?
2
What is the tens digit of 3865789?
8
What is the hundreds digit of 262435?
4
What is the units digit of 72072?
2
What is the units digit of 3856608?
8
What is the thousands digit of 801624?
1
What is the units digit of 29079907?
7
What is the thousands digit of 371329?
1
What is the thousands digit of 2184025?
4
What is the tens digit of 399728?
2
What is the hundreds digit of 25504478?
4
What is the tens digit of 116304?
0
What is the millions digit of 5998865?
5
What is the units digit of 738313?
3
What is the units digit of 11992893?
3
What is the hundred thousands digit of 1135915?
1
What is the hundred thousands digit of 255464?
2
What is the millions digit of 4251122?
4
What is the tens digit of 3340357?
5
What is the hundreds digit of 1779467?
4
What is the thousands digit of 109528?
9
What is the thousands digit of 281899?
1
What is the tens digit of 339017?
1
What is the hundred thousands digit of 2224828?
2
What is the hundred thousands digit of 912007?
9
What is the units digit of 728956?
6
What is the hundreds digit of 39168366?
3
What is the millions digit of 9958311?
9
What is the ten millions digit of 18834278?
1
What is the thousands digit of 426927?
6
What is the ten thousands digit of 292564?
9
What is the ten thousands digit of 21195096?
9
What is the tens digit of 1985194?
9
What is the units digit of 886931?
1
What is the ten thousands digit of 1909289?
0
What is the ten thousands digit of 10247680?
4
What is the ten thousands digit of 18714923?
1
What is the thousands digit of 686122?
6
What is the ten thousands digit of 1523744?
2
What is the thousands digit of 342525?
2
What is the units digit of 560629?
9
What is the hundred thousands digit of 6388867?
3
What is the thousands digit of 142450?
2
What is the tens digit of 20900945?
4
What is the millions digit of 6587869?
6
What is the ten thousands digit of 6774901?
7
What is the thousands digit of 5413087?
3
What is the hundred thousands digit of 620651?
6
What is the hundreds digit of 10802882?
8
What is the hundreds digit of 683388?
3
What is the ten millions digit of 19268946?
1
What is the tens digit of 11755756?
5
What is the tens digit of 334565?
6
What is the thousands digit of 5529996?
9
What is the units digit of 546068?
8
What is the thousands digit of 6124067?
4
What is the hundreds digit of 431292?
2
What is the units digit of 469723?
3
What is the ten thousands digit of 8389637?
8
What is the ten thousands digit of 567841?
6
What is the hundred thousands digit of 2070157?
0
What is the hundreds digit of 9031454?
4
What is the ten thousands digit of 623955?
2
What is the thousands digit of 2970079?
0
What is the units digit of 11832592?
2
What is the ten thousands digit of 27087?
2
What is the units digit of 4499551?
1
What is the hundreds digit of 542919?
9
What is the ten thousands digit of 151301?
5
What is the units digit of 35017529?
9
What is the tens digit of 4158957?
5
What is the hundred thousands digit of 13934868?
9
What is the tens digit of 133943?
4
What is the hundreds digit of 7174584?
5
What is the tens digit of 131610?
1
What is the thousands digit of 1941273?
1
What is the tens digit of 840129?
2
What is the tens digit of 2404808?
0
What is the hundreds digit of 469777?
7
What is the hundred thousands digit of 9620468?
6
What is the tens digit of 949692?
9
What is the thousands digit of 117366?
7
What is the ten thousands digit of 15356930?
5
What is the hundreds digit of 688423?
4
What is the units digit of 2395259?
9
What is the millions digit of 1445518?
1
What is the hundreds digit of 584996?
9
What is the units digit of 31037994?
4
What is the millions digit of 19138276?
9
What is the tens digit of 6915356?
5
What is the millions digit of 15945387?
5
What is the tens digit of 46596?
9
What is the hundreds digit of 16378135?
1
What is the thousands digit of 5290081?
0
What is the hundred thousands digit of 2418232?
4
What is the thousands digit of 224891?
4
What is the ten millions digit of 20062466?
2
What is the thousands digit of 3897230?
7
What is the ten thousands digit of 18542593?
4
What is the hundred thousands digit of 211463?
2
What is the thousands digit of 4202414?
2
What is the tens digit of 61932?
3
What is the hundreds digit of 36920?
9
What is the millions digit of 2984924?
2
What is the units digit of 182226?
6
What is the units digit of 38921?
1
What is the hundred thousands digit of 7001816?
0
What is the millions digit of 18371365?
8
What is the hundreds digit of 329274?
2
What is the ten millions digit of 31541540?
3
What is the thousands digit of 9727162?
7
What is the hundred thousands digit of 12968917?
9
What is the hundred thousands digit of 3728128?
7
What is the millions digit of 4856450?
4
What is the millions digit of 10529537?
0
What is the millions digit of 9595406?
9
What is the ten thousands digit of 22687109?
8
What is the units digit of 1613441?
1
What is the thousands digit of 2489171?
9
What is the hundred thousands digit of 376088?
3
What is the thousands digit of 5818666?
8
What is the thousands digit of 788246?
8
Wh